 - -1) + 0
-1
58 - 71 - (-30 + 4)
13
What is the value of -2 - (12 - 16) - 5 - (0 + 3)?
-6
What is the value of -2 + -20 + (4 + -6 - 2 - -10)?
-16
Calculate -42 + 44 - ((0 - -1) + 19).
-18
What is 7 + (-6 - (21 - 14))?
-6
Evaluate 10 + (-14 - -24 - (20 + -2)).
2
What is the value of 0 - (10 - 5) - 4 - -14?
5
What is 16 - 35 - (5 + -65 + 12)?
29
(-2 - (-9 + 4)) + -3 - -9
9
Calculate 8 + -11 + -4 + -10 + 2.
-15
Evaluate 8 + 6 + (4 - 27) - (-1 + -17).
9
Calculate -5 + (12 - 12 - (0 + 2)).
-7
0 + -1 + -2 + -8 + -2
-13
What is the value of (-16 - -37) + -6 + -1 + 1 + -6?
9
What is -31 + (6 - -18) + -1 + -15?
-23
What is the value of -2 - ((-1 - 0) + 39 + -42)?
2
26 - (-21 - -8) - 16
23
Evaluate (7 + -1 + -6 - (-1 - -1)) + 16.
16
Calculate 0 - (6 - 0) - -10.
4
(-30 - 16) + 48 + -1 + 2 + 16
19
What is the value of -5 - (-21 + 18 + -19)?
17
What is (10 - 24 - -18) + -8?
-4
What is 1 + 16 - (-11 - (-37 - -22))?
13
What is the value of -54 - (-55 + 31 + 7)?
-37
What is the value of 0 - 8 - (35 + 28 + -62)?
-9
Calculate -22 + 12 + 2 + 3.
-5
750 + -777 - (-34 + 0)
7
Evaluate -15 + -30 + 18 + -15 + 13.
-29
Calculate 0 - 9 - (-164 - -155).
0
What is the value of (2 - 3) + 4 + 2?
5
What is the value of 4 + -10 + -10 + 10 + (-2 - 0)?
-8
What is the value of (45 - 26) + -19 - 21?
-21
-4 + 17 + -10 - 9
-6
Evaluate 21 - 30 - (-36 - (2 - -2) - -8).
23
4 - 3 - (21 - (47 - 28))
-1
Evaluate 1 - (0 + 1) - (-573 - -565).
8
What is -29 + 15 - (16 + -15)?
-15
Evaluate (30 + 0 - 11) + -9.
10
Evaluate 4 + -40 + (32 - -7).
3
Calculate 4 - (12 - 1 - 32).
25
What is the value of -5 + 9 - (-7 + 0 + -7 + 4)?
14
What is -16 + 12 + (13 - 19 - 10)?
-20
What is the value of 35 + -27 + 17 - 10?
15
Evaluate -9 + (-13 - (14 + -26)).
-10
What is the value of 4 + (62 - 17 - 31)?
18
-65 + 67 + (-2 - 22)
-22
(14 - 5) + 7 + 2
18
Evaluate 0 - 3 - (-25 + 14 + (27 - 7)).
-12
Calculate -19 - -23 - (10 + 1 + -3).
-4
(0 - 6) + 22 + (-13 - (-1 + 2))
2
1 + 0 - (-37 - (-31 - -4))
11
Evaluate 57 + -5 + -8 - (-13 + 29).
28
Evaluate 17 + (-4 + -4 - 4) + (-2 - -14).
17
What is the value of 332 + -361 - (3 + (-2 - -4))?
-34
Calculate 79 + -74 - (14 - 1) - (-18 - -9).
1
0 + 8 - (11 + -8)
5
Evaluate -2 + (-10 - 2) + -45 + 43.
-16
198 + -202 - (12 + (2 - -1) + 2)
-21
What is the value of (238 - 225) + (-5 - 0) - -1?
9
What is (3 - 1) + 20 - (0 - (-17 - -13))?
18
What is the value of -11 - (-16 - (-33 - -16))?
-12
What is the value of -205 + 196 + 24 + -1 + 0?
14
(-1 + 10 - -2 - (-26 - -23)) + -3
11
What is -16 + (6 - (-7 - 8)) + 25?
30
Evaluate 43 + 1 + -24 + -42.
-22
What is the value of -8 - -1 - (-113 + 132)?
-26
(1 - (-4 + 6 - 5) - 5) + -5
-6
0 - (5 + -39 + 19)
15
What is the value of -18 + 43 + -8 - 18?
-1
What is (-6 - -3 - -9) + -8 - 3?
-5
Evaluate 7 - (-8 - (-2 + -4)).
9
(25 - 0) + (-15 - 19) + 23
14
Calculate 3 + (1 + -1 + 1 - -9).
13
Calculate (26 - 0) + (5 - (4 - (-5 + 6))).
28
Calculate 16 - (10 + -5 + 3) - 6.
2
What is the value of (-2 - -12) + 16 + (14 - 28) + 0?
12
What is 10 + (-12 + -7 + 10 - -5)?
6
What is the value of -4 + (-1 - 1) - (17 + -6 + -5)?
-12
Evaluate (-7 - (1 - 2)) + (18 - 24) + 6.
-6
Evaluate -5 + (-1 - (0 - 1)) + -113 + 115.
-3
Evaluate 3 - -2 - (2 + 0 + 5 + -8).
6
Evaluate (-2 - -3) + -1 + 5 - -4 - -2.
11
-7 - (5 - (-7 - (10 + -5 - 19)))
-5
Calculate 5 + 2 - (2 + 4 + -3) - -3.
7
Calculate 2 + -16 + 6 - (1 - 10 - 13).
14
What is the value of (11 - 2) + -185 + 180?
4
Evaluate (4 - 6 - -6) + 3 + -12 + 15.
10
What is the value of 5 - (10 - 5) - (3 - 2)?
-1
11 + (10 - 2) + 62 + -74
7
What is -1 - (11 + -43 + 23)?
8
What is 48 + (-6 - (21 + -15)) + -11?
25
What is (3 - -6 - 12) + (-1 - 2 - -16)?
10
Evaluate -7 + (0 - (8 - 7)) + 16.
8
Evaluate -5 + 0 + 0 + -21 + (4 - -16).
-6
What is the value of (10 - 0) + (-107 - -98) - (3 + 5)?
-7
Evaluate (14 - 34) + 12 - -13.
5
What is the value of (-12 - 2) + 3 + 20?
9
What is -26 - (-7 + -7) - -13?
1
Evaluate (25 - 9 - 22) + (25 - 0).
19
Evaluate -1 + 0 - (5 + -20 + 5 + 5).
4
What is -2 + 22 + (2 - -4) + -15?
11
Calculate 2 - 15 - (1530 - 1502).
-41
What is (6 - (-11 + 4)) + -6?
7
Evaluate (10 - 17) + 19 + 4.
16
Evaluate -17 + (-24 + 48 - 4).
3
What is the value of (3 - -1 - ((-5 - -6) + 1)) + 0?
2
Evaluate (-92 + 96 - (-13 - 0)) + -2.
15
Evaluate -2 - (4 + -3) - (-5 + 3 + 6).
-7
Calculate -34 - (-15 + -24 + 21).
-16
-12 + 8 + 16 - 12
0
Calculate 9 - (-4 + (-2 - -15)).
0
Evaluate -15 - ((5 - 1) + -17).
-2
What is the value of -9 + (27 - (11 - 8))?
15
What is 2 - (11 + -1 + -10)?
2
What is (-1 + 0 - (42 - 51)) + -17?
-9
Evaluate 6 - (-13 + (-8 - (-23 - -7))).
11
Evaluate 3 + (17 + 0 - 16).
4
Evaluate (0 - -2) + 3 + 9 + (-5 - -2).
11
-1 - (33 + -26) - (0 - -2)
-10
What is the value of (3 - (1 + 8) - (4 + -6)) + 7?
3
Evaluate 9 - (7 + -1 + 1).
2
What is the value of (15 - 6 - (2 + 26)) + (6 - 3)?
-16
Evaluate 0 + 22 - (-6 - -20).
8
What is the value of 10 + (11 + 2 + -8 - (-2 - -6))?
11
Evaluate -26 + (38 - 19 - 4).
-11
20 + 1 + (8 - (5 + 6)) + 1
19
Calculate (1 - 1) + (-1 - 9) + (903 - 905).
-12
What is 6 + 5 - (-15 + 27)?
-1
Calculate -10 + -6 + 9 + (19 - (12 + -16)).
16
What is 59 - 66 - (0 - (2 - -1))?
-4
Evaluate (5 - 5 - 5) + (16 - 31) + 6.
-14
Evaluate 12 + -30 + (7 - 7).
-18
Calculate -11 - -3 - (3 + -4).
-7
What is the value of 22 + -32 + -13 + 9 + 10?
-4
-13 + 17 + -23 + 11
-8
(-42 - -8 - -15) + -5
-24
Evaluate 24 + (9 - 15) + -6.
12
15 - (2 - -12) - 6
-5
What is -7 + (7 + 1 + -1 - 0)?
0
What is the value of (4 - 4) + (14 - 6 - 4) + 11?
15
What is -11 + (15 - (-14 - -27 - 25))?
16
What is the value of 24 + -15 - (7 - 1 - -16)?
-13
What is 6 + -2 - (2 - -8)?
-6
Calculate (0 - (-6 - 13)) + -8.
11
Evaluate 3 + 5 - (-7 - -4 - 3) - 8.
6
Evaluate 0 + 7 + (30 + -19 - 30).
-12
What is the value of 5 + (-5 + -11 - -12) + 1?
2
What is the value of -2 - (2 - (17 - 7)) - 7 - -8?
7
What is the value of 5 + -4 + -16 - (-21 - -18)?
-12
-30 - (-14 + (-8 - -19) - (1 - -6))
-20
Calculate 10 + -2 + 2 + -957 + 970.
23
What is the value of -24 + (18 - -8) + -12?
-10
Calculate -26 + -14 - (-26 - -2).
-16
What is (1 - 6) + 73 + -73 - -3 - 7?
-9
Evaluate -6 + 2 + 13 + -35 + 16.
-10
What is the value of -21 + (20 + 7 - 14)?
-8
What is -2 + (-31 - (-16 + 8)) - (10 - 16)?
-19
What is the value of -72 + 66 - (-3 + 3 - 7)?
1
What is the value of 7 - (-11 + 12 - -10) - -5?
1
Evaluate 2 + -1 - -19 - -1.
21
What is the value of -21 + 28 - (-1 + -4) - (3 - 5)?
14
Calculate -8 - 1 - (-6 - (12 - (19 + 6))).
-16
What is -3 + -5 + 16 + -3 - (-8 + 27)?
-14
Evaluate 5 + 0 + -4 + (0 - 5) - -10.
6
What is the value of -16 + -10 + ((6 - 3) + -13 - -26)?
-10
What is the value of -6 + 1 + -2 + -4 + 7?
-4
What is (1178 - 1174) + (0 - -21)?
25
Calculate 28 - -20 - (37 + 3).
8
What is the value of 41 + (-83 - -13) + (-1 - (1 + -9))?
-22
Calculate 7 + 2 + -141 + 135 + 1.
4
Evaluate (-24 - (21 - 79)) + -64.
-30
What is (0 - -3) + (-32 - -39)?
10
Evaluate -8 - (31 + -34 - -33).
-38
What is the value of 8 - (13 + -5 - (-46 + 68))?
22
Evaluate (-2 - 10) + 1 + (0 - -2).
-9
1 - (1 - (-2 - 0)) - (11 + -5)
-8
Calculate (9 - 3 - (2 - -5)) + 23 - 0.
22
Evaluate (-6 + 10 + -7 - -4) + 7 + -1.
7
Evaluate 4 + -2 + 1 + 2 + (-25 - -15).
-5
Evaluate -24 - (-3 + 25 + -12 + -6).
-28
Evaluate 11 - (-10 + (13 - 11 - -9)).
10
Calculate -39 + 20 + (-32 - -55).
4
What is the value of -10 - 1 - (-14 - (21 + -26))?
-2
What is -10 + 2 + (3 - 1) + 3207 + -3176?
25
What is -8 + 11 + 6 - 2?
7
-1 + 3 - -12 - (-295 + 298)
11
What is the value of -35 - ((24 - 42) + -5)?
-12
What is (11 - 7) + (-3 - -2) + (0 - 1)?
2
Evaluate -5 - (3 + -2 - 0) - -17.
11
What is 2 + (-6 - 2 - -7) - -9?
10
Calculate -4 + 0 - (-44 + 15 + 20).
5
Calculate -7 + 10 + 4 + -4 - (-1 + -7).
11
What is the value of 8 - (-8 + (23 - 9) + (-6 - -20))?
-12
Calculate -16 + (-1 - -24) + -20.
-13
2 + (-9 - -3) + (22 - 12)
6
What is the value of 13 - (-6 + -3 - (-4 + (-4 - -1)))?
15
(8 - 5) + 2 + -22 - (-34 - -29)
-12
Evaluate -11 + 6 + (12 - (-8 - -2)).
13
(-12 - (-17 - 11)) + -18
-2
What is the value of (15 - (12 - -23)) + 6?
-14
Calculate -20 - (2 - 10) - 1.
-13
What is the value of (10 + -5 - -1 - 13) + 7 + -4?
-4
Evaluate -21 - (11 - (5 + 0 + 44 + -44)).
-27
What is 19 + (17 - 6) + -45?
-15
Calculate 13 + 1 + -12 + (-1 - 4 - -12).
9
30 + 